 Suppose 5*r + 7 = -g, 5*g + 10 - b = -4*r. What is the greatest common divisor of 15 and g?
3
Let n = -266 + 260. Let z(h) = -h**3 - 13*h**2 - 49*h - 2. Let y be z(n). What is the highest common divisor of y and 50?
10
Let a(d) = -d**2 + 25*d - 40. Let y be a(20). Suppose 140 = v - 25. What is the greatest common divisor of v and y?
15
Let s = 144 - 119. Suppose -5*v + s = -55. Calculate the greatest common factor of 2 and v.
2
Let d = 2567 + 1574. Calculate the greatest common factor of d and 82.
41
Let m(b) = -2*b**2 - 11*b - 84. Let o be m(-10). Let n = 194 + o. What is the highest common factor of 55 and n?
5
Let t(m) = -m**2 + 118*m - 677. Let g be t(72). Calculate the highest common factor of g and 34.
17
Let q = 1960 - 1940. Suppose -35 = -r + 9. Let k = r - q. Calculate the greatest common divisor of 60 and k.
12
Let u be 165*-12*342/(-360). Calculate the highest common divisor of 99 and u.
99
Let j be 28 + -24 + -1 + -7. Let x be 12/j*(0 + 2/(-6)). Let q be (0 - x)/1 - (-21)/7. What is the greatest common factor of q and 5?
1
Let p be (-2)/3 + 102622/78. Suppose p = -7*g + 4157. Calculate the highest common factor of g and 14.
14
Suppose 11*m - 103689 = 97424. Calculate the highest common factor of m and 47.
47
Suppose -119*i = -113*i - 558 - 690. What is the highest common factor of 2392 and i?
104
Let t be (-800)/(-10)*582/15. What is the greatest common factor of 970 and t?
194
Let u = 8310 + -8305. Calculate the highest common factor of u and 11.
1
Suppose 0 = h + 4*p - 448, 3*p - 1344 = -3*h + 4*p. Let n be (-3)/(-18) - 498/(-36). Calculate the greatest common divisor of h and n.
14
Suppose 9*c - 3349 = 755. Suppose -930 = -11*i + c. Calculate the greatest common divisor of i and 14.
14
Let p(t) = t**3 - 13*t**2 + 23*t - 7. Let u = -16 + 20. Suppose 0 = u*m + 14 - 58. Let f be p(m). What is the greatest common factor of f and 14?
2
Suppose -2*o + o = -4*y + 3, 2*o = -2*y - 6. Let b be 1 + y - 1 - -7. Let d be ((-1)/2)/((-1521)/126 + 12). Calculate the highest common divisor of d and b.
7
Suppose -23 = -10*s + 237. Let g = -24 + s. Suppose -3*c = -t + g*c + 33, -4*t = c - 27. What is the greatest common factor of 12 and t?
4
Let q = 12864 + -12693. Calculate the highest common factor of q and 909.
9
Let t be (((-2)/1)/4)/(1/(-48)). Suppose o + 5*v - 19 - 14 = 0, 3*v + 249 = 5*o. Suppose o = -2*n + 64. Calculate the greatest common factor of n and t.
8
Suppose -10*i - 182 = -42. Let c be 106 + -105 - i/4*22. What is the highest common divisor of 468 and c?
78
Let j(p) = -7*p - 2 + 11 + 2 + 3*p**2. Let v be j(8). Suppose -6*c = -13*c + v. What is the highest common divisor of 42 and c?
21
Let g be (7 - 11263/(-14))/(9/102) + -2. Calculate the highest common divisor of 15 and g.
15
Suppose 0 = 5*k - 167 + 62. Suppose -23*f = -27*f - 2068. Let g = f - -520. Calculate the highest common factor of g and k.
3
Let l(j) = -1053*j + 1040. Let t be l(-2). Calculate the greatest common divisor of t and 52.
26
Let n(w) = w**3 - 9*w**2 + 15*w - 10. Let z be n(7). Let p be (z + 1)*(-46 - -18). Calculate the highest common factor of 42 and p.
14
Let u(x) be the second derivative of -13*x**3/3 + x**2 - 41*x. Let r be u(-2). Let t = -9 + 15. What is the greatest common factor of t and r?
6
Suppose 3*d - s = 3506 - 3490, -3*d - s = -32. Let m be (-16)/(((-6)/(-23))/(-3)). What is the greatest common divisor of m and d?
8
Let x(t) = -t**2 - 14*t - 29. Let p be x(-11). Suppose -10 = 5*j, -5*j - 66 = p*m + 252. Let o = m + 98. Calculate the greatest common divisor of 273 and o.
21
Suppose 8 + 4 = c. Suppose -165 = -4*y - 2*d + 79, 3*d - 130 = -2*y. Suppose -54*x = -y*x + 80. Calculate the greatest common factor of c and x.
4
Suppose -3*o + 6*o - 368 = 5*b, -3*o - b + 344 = 0. Let j(y) = -y**2 - y + 35. Let a be j(0). Let h = -6 + a. What is the highest common divisor of o and h?
29
Suppose -3 = 2*d + 3*r, d + 2*r + 3 = -1. Let j = -151 - -261. Suppose -y - 95 = -j. Calculate the highest common factor of y and d.
3
Let x = 59 + 11. Let a = 4263 + -4243. What is the highest common divisor of a and x?
10
Let x(a) = 245*a - 1710. Let j be x(9). Calculate the highest common factor of j and 360.
45
Suppose 293 - 5923 = -12*j + 1090. What is the highest common divisor of 35 and j?
35
Let b(t) = 3*t - 9. Suppose -g - r - r + 1 = 0, 2*r - 4 = -2*g. Suppose 12 = g*q - q. Let x be b(q). What is the highest common factor of 99 and x?
9
Let v = 436 - -287. Suppose -v = -9*n - 75. What is the greatest common divisor of 27 and n?
9
Let z be 10940/160 + 1 + (-22)/16. Let o = z + -4. Calculate the greatest common divisor of 1 and o.
1
Let h(b) = -6*b**2 + 85*b - 103. Let q be h(12). Suppose -4*r + 1511 = -1245. What is the greatest common divisor of r and q?
53
Let t(a) = a**2 - 7*a + 12. Let r be t(6). Let k be r/((-18)/4*-1)*39. What is the greatest common factor of k and 8?
4
Let s be ((-2223)/(-12))/(4 + 390/(-104)). What is the greatest common factor of 57 and s?
57
Suppose -3*u + 3*j = -438, 10*j = 4*u + 13*j - 577. What is the greatest common factor of 290 and u?
145
Let x = 4289 + -4245. Calculate the highest common factor of 1397 and x.
11
Let z be (-8456)/(-10) + 4/10. Let b be ((-280)/(-16))/7 - 1333/(-86). What is the highest common divisor of b and z?
18
Let f = 8 - -4. Suppose 2*t - 3*r - 48 = t, -4*r - 8 = 0. What is the highest common factor of f and t?
6
Let c(l) = 18*l + 2. Let q be c(6). Suppose -114 = -4*o + q. Calculate the highest common factor of o and 21.
7
Let s(m) = -11*m - 8. Let q be s(-9). Suppose 23 = 3*v - q. Let u be (2 + -4 - 4/(-3))*-57. Calculate the greatest common factor of u and v.
38
Suppose 9*l + 121982 = 159602. Calculate the greatest common factor of l and 110.
110
Let b = 12 - 6. Let d be (406/b)/7*3. Let o(v) = v**3 - 13*v**2 + 24*v + 7. Let c be o(11). What is the highest common divisor of c and d?
29
Let a = 629 - 629. Suppose 2*v + 4*n - 1860 = a, -4*v - 12*n = -15*n - 3709. Calculate the greatest common divisor of 29 and v.
29
Let m(x) = -2*x**3 + 68*x**2 - 10*x + 8. Let g be m(31). Let c be 1 + g/72 - (-1)/9. What is the highest common divisor of c and 14?
7
Let p = 3776 + -3770. Let m be (3 - (0 + 4)) + 6. Let b = m + -3. Calculate the highest common divisor of b and p.
2
Suppose h = -0*h + t + 91, 0 = -2*h + 5*t + 191. Let f = 87 - h. Let b be (f + 0)/(22/(-66)). Calculate the highest common divisor of 6 and b.
3
Let a be (-2 + -1)/(6/(-20)). Suppose -t - 5*h - 282 = -108, h = 2*t + 337. Let q = t - -179. What is the greatest common factor of a and q?
10
Let q(x) = 896*x**2 - 221*x - 220. Let b be q(-1). What is the greatest common factor of 552 and b?
69
Suppose 159*t + 15*t + 12762 = 62874. What is the highest common factor of t and 792?
72
Suppose -22264 = 27*x - 143035. What is the greatest common factor of x and 63?
63
Let u(m) = m**3 - 12*m**2 - 12*m - 19. Let f be u(14). Suppose 3*k = 8*k + f. Let i = -15 - k. Calculate the greatest common divisor of 65 and i.
13
Suppose -9*c + 735 = -4*c. Suppose 8*j - 127 = -3*s + 7*j, 0 = s + 2*j - 44. What is the highest common factor of s and c?
21
Let j be (-26)/3*(-765)/(-30). Let i = j - -246. What is the highest common divisor of i and 15?
5
Let w(m) = -m**3 + 21*m**2 + 3*m - 7. Let t be w(21). Let p = 54 - t. Let n be (-1 + (-13)/2)*p. What is the highest common factor of 165 and n?
15
Let s(o) = 3*o**3 + 2*o**2 + 2*o - 3. Let d be s(3). Let f(x) = -x**2 + 12*x + 342. Let l be f(21). What is the greatest common factor of d and l?
51
Let a be (-3 - 76/(-8))*40. Let h(m) = -11*m - 463. Let b be h(-48). What is the greatest common factor of b and a?
65
Suppose 0 = s + 2*y - 35, -4*y + 77 = 3*s - 5*y. Suppose 4114 = s*j - 5*j. Calculate the greatest common divisor of 33 and j.
11
Let c = 115 - 112. Suppose -94 = -c*l - 5*d, -3*d + 162 = -l + 6*l. Calculate the greatest common factor of 33 and l.
33
Let x(c) = 185*c + 583. Let w be x(-3). Calculate the greatest common factor of 896 and w.
28
Suppose 12*h - 15*h = -5*a + 927, 5*a - 925 = 5*h. Let q = a + -78. Calculate the greatest common divisor of 198 and q.
18
Suppose 2*f = 4*u - 876, 5*f - 282 = -u - 85. Suppose k = -4*q + 161, -4*q - q + k = -199. Let j = -9 + q. Calculate the greatest common divisor of u and j.
3